der when 2588 is divided by 70.
68
Calculate the remainder when 3527 is divided by 704.
7
What is the remainder when 31 is divided by 16?
15
Calculate the remainder when 22039 is divided by 16.
7
Calculate the remainder when 5051 is divided by 79.
74
Calculate the remainder when 830 is divided by 61.
37
Calculate the remainder when 260 is divided by 167.
93
What is the remainder when 10782 is divided by 16?
14
Calculate the remainder when 3110 is divided by 518.
2
What is the remainder when 189 is divided by 40?
29
Calculate the remainder when 39 is divided by 7.
4
What is the remainder when 1117 is divided by 361?
34
Calculate the remainder when 1278 is divided by 61.
58
Calculate the remainder when 247 is divided by 15.
7
Calculate the remainder when 1112 is divided by 13.
7
Calculate the remainder when 1527 is divided by 304.
7
Calculate the remainder when 781 is divided by 131.
126
Calculate the remainder when 10255 is divided by 5123.
9
Calculate the remainder when 600 is divided by 105.
75
Calculate the remainder when 138 is divided by 14.
12
What is the remainder when 410 is divided by 156?
98
What is the remainder when 166 is divided by 14?
12
What is the remainder when 1208 is divided by 110?
108
Calculate the remainder when 196 is divided by 38.
6
What is the remainder when 51 is divided by 50?
1
What is the remainder when 359 is divided by 15?
14
Calculate the remainder when 3521 is divided by 87.
41
What is the remainder when 363 is divided by 11?
0
What is the remainder when 111 is divided by 19?
16
Calculate the remainder when 103 is divided by 11.
4
What is the remainder when 131 is divided by 7?
5
Calculate the remainder when 547 is divided by 65.
27
Calculate the remainder when 198 is divided by 35.
23
Calculate the remainder when 269 is divided by 122.
25
Calculate the remainder when 460 is divided by 149.
13
What is the remainder when 6761 is divided by 23?
22
Calculate the remainder when 723 is divided by 29.
27
What is the remainder when 3572 is divided by 11?
8
Calculate the remainder when 445 is divided by 422.
23
Calculate the remainder when 160 is divided by 43.
31
What is the remainder when 3694 is divided by 231?
229
What is the remainder when 15433 is divided by 15?
13
Calculate the remainder when 435 is divided by 49.
43
What is the remainder when 63 is divided by 3?
0
What is the remainder when 115 is divided by 63?
52
Calculate the remainder when 2266 is divided by 13.
4
Calculate the remainder when 244 is divided by 42.
34
Calculate the remainder when 2723 is divided by 47.
44
Calculate the remainder when 8436 is divided by 13.
12
What is the remainder when 322 is divided by 158?
6
What is the remainder when 527 is divided by 40?
7
What is the remainder when 879 is divided by 16?
15
Calculate the remainder when 88 is divided by 33.
22
What is the remainder when 5932 is divided by 56?
52
Calculate the remainder when 195 is divided by 84.
27
What is the remainder when 57 is divided by 40?
17
What is the remainder when 8743 is divided by 159?
157
What is the remainder when 5838 is divided by 146?
144
Calculate the remainder when 339 is divided by 73.
47
Calculate the remainder when 80 is divided by 70.
10
What is the remainder when 256 is divided by 18?
4
What is the remainder when 8976 is divided by 4484?
8
Calculate the remainder when 1106 is divided by 33.
17
What is the remainder when 4828 is divided by 8?
4
What is the remainder when 616 is divided by 214?
188
What is the remainder when 333 is divided by 130?
73
What is the remainder when 1285 is divided by 39?
37
What is the remainder when 99 is divided by 40?
19
What is the remainder when 1727 is divided by 173?
170
Calculate the remainder when 1465 is divided by 147.
142
What is the remainder when 773 is divided by 51?
8
What is the remainder when 108 is divided by 29?
21
What is the remainder when 1559 is divided by 5?
4
What is the remainder when 29 is divided by 15?
14
What is the remainder when 223 is divided by 75?
73
Calculate the remainder when 41 is divided by 22.
19
Calculate the remainder when 220 is divided by 15.
10
What is the remainder when 119 is divided by 25?
19
What is the remainder when 2057 is divided by 109?
95
Calculate the remainder when 781 is divided by 51.
16
What is the remainder when 129 is divided by 52?
25
Calculate the remainder when 1983 is divided by 455.
163
Calculate the remainder when 239 is divided by 78.
5
What is the remainder when 220 is divided by 16?
12
What is the remainder when 702 is divided by 19?
18
Calculate the remainder when 135 is divided by 28.
23
What is the remainder when 548 is divided by 10?
8
What is the remainder when 644 is divided by 108?
104
Calculate the remainder when 211 is divided by 50.
11
What is the remainder when 176 is divided by 89?
87
What is the remainder when 8962 is divided by 11?
8
Calculate the remainder when 67 is divided by 36.
31
What is the remainder when 46 is divided by 31?
15
What is the remainder when 145 is divided by 21?
19
What is the remainder when 1338 is divided by 445?
3
Calculate the remainder when 12299 is divided by 75.
74
What is the remainder when 5633 is divided by 47?
40
What is the remainder when 284 is divided by 77?
53
Calculate the remainder when 177 is divided by 45.
42
What is the remainder when 1292 is divided by 186?
176
What is the remainder when 1110 is divided by 87?
66
Calculate the remainder when 342 is divided by 3.
0
What is the remainder when 1249 is divided by 25?
24
What is the remainder when 308 is divided by 26?
22
Calculate the remainder when 454 is divided by 114.
112
Calculate the remainder when 3846 is divided by 1917.
12
What is the remainder when 89 is divided by 30?
29
Calculate the remainder when 512 is divided by 173.
166
Calculate the remainder when 161 is divided by 61.
39
What is the remainder when 473 is divided by 96?
89
Calculate the remainder when 873 is divided by 431.
11
What is the remainder when 37 is divided by 13?
11
Calculate the remainder when 322 is divided by 121.
80
Calculate the remainder when 3520 is divided by 141.
136
Calculate the remainder when 2322 is divided by 194.
188
What is the remainder when 93 is divided by 10?
3
Calculate the remainder when 186 is divided by 63.
60
What is the remainder when 137 is divided by 18?
11
Calculate the remainder when 134 is divided by 116.
18
What is the remainder when 1528 is divided by 170?
168
What is the remainder when 135 is divided by 51?
33
What is the remainder when 2272 is divided by 53?
46
Calculate the remainder when 1333 is divided by 167.
164
Calculate the remainder when 1030 is divided by 316.
82
Calculate the remainder when 17999 is divided by 40.
39
What is the remainder when 765 is divided by 252?
9
What is the remainder when 167 is divided by 158?
9
What is the remainder when 1525 is divided by 120?
85
Calculate the remainder when 620 is divided by 32.
12
What is the remainder when 133 is divided by 75?
58
Calculate the remainder when 76 is divided by 11.
10
Calculate the remainder when 1588 is divided by 134.
114
What is the remainder when 2430 is divided by 32?
30
What is the remainder when 2711 is divided by 23?
20
What is the remainder when 1369 is divided by 41?
16
What is the remainder when 1593 is divided by 28?
25
Calculate the remainder when 347 is divided by 116.
115
What is the remainder when 714 is divided by 29?
18
Calculate the remainder when 457 is divided by 66.
61
What is the remainder when 2242 is divided by 22?
20
What is the remainder when 83 is divided by 14?
13
Calculate the remainder when 1362 is divided by 194.
4
What is the remainder when 119 is divided by 26?
15
Calculate the remainder when 4207 is divided by 61.
59
Calculate the remainder when 61 is divided by 21.
19
Calculate the remainder when 74 is divided by 8.
2
Calculate the remainder when 1050 is divided by 8.
2
What is the remainder when 10293 is divided by 100?
93
What is the remainder when 84 is divided by 83?
1
Calculate the remainder when 4836 is divided by 966.
6
What is the remainder when 239 is divided by 228?
11
Calculate the remainder when 208 is divided by 43.
36
Calculate the remainder when 82 is divided by 29.
24
What is the remainder when 154 is divide